site?
False
Is 220757 composite?
False
Is 19531 prime?
True
Is 9781 a prime number?
True
Is 11278 a composite number?
True
Is 5981 composite?
False
Is 86309 prime?
False
Is 2203 a prime number?
True
Is 133643 a composite number?
True
Is 3659 prime?
True
Is 4861 composite?
False
Is 9521 a prime number?
True
Is 413 composite?
True
Is 24655 a composite number?
True
Is 8746 a prime number?
False
Is 200137 composite?
True
Is 219565 a composite number?
True
Is 6803 a composite number?
False
Is 125593 a composite number?
True
Is 120563 composite?
False
Is 245167 a composite number?
True
Is 11989 a prime number?
False
Is 37106 composite?
True
Is 5749 a composite number?
False
Is 5333 composite?
False
Is 2205199 composite?
False
Is 50207 a composite number?
False
Is 5914991 composite?
False
Is 111857 composite?
False
Is 9091 prime?
True
Is 305189 composite?
True
Is 20873 prime?
True
Is 687427 a prime number?
False
Is 2777 a composite number?
False
Is 36997 composite?
False
Is 486833 prime?
True
Is 74489 a prime number?
True
Is 516347 a composite number?
True
Is 301099 prime?
False
Is 8069 prime?
True
Is 240951 a composite number?
True
Is 12941 a prime number?
True
Is 1383535 a composite number?
True
Is 632399 composite?
True
Is 25577 composite?
False
Is 485871 a prime number?
False
Is 4843 composite?
True
Is 2939 composite?
False
Is 28933 a composite number?
False
Is 8843 composite?
True
Is 253 composite?
True
Is 79687 a composite number?
False
Is 346391 a composite number?
False
Is 35491 prime?
True
Is 4274 a composite number?
True
Is 63977 a prime number?
True
Is 27259 composite?
False
Is 554377 composite?
False
Is 14863 a prime number?
False
Is 151967 a composite number?
False
Is 50469 a prime number?
False
Is 25741 prime?
True
Is 7541 prime?
True
Is 14919 a composite number?
True
Is 910939 a composite number?
False
Is 22207 composite?
True
Is 89467 a prime number?
False
Is 7053 composite?
True
Is 95651 a prime number?
True
Is 93163 prime?
False
Is 112071 composite?
True
Is 29759 a composite number?
False
Is 9983 composite?
True
Is 75571 composite?
False
Is 45411 a composite number?
True
Is 893107 a prime number?
True
Is 2902591 composite?
False
Is 1082083 a prime number?
True
Is 356731 prime?
True
Is 190507 composite?
False
Is 131381 prime?
True
Is 41801 prime?
True
Is 36591 a prime number?
False
Is 95701 a composite number?
False
Is 11693 a prime number?
False
Is 138863 prime?
True
Is 1811 a prime number?
True
Is 27211 a composite number?
False
Is 381959 composite?
True
Is 4799351 a prime number?
True
Is 59043 a composite number?
True
Is 9197 composite?
True
Is 1321361 a prime number?
False
Is 1951 a composite number?
False
Is 1399 composite?
False
Is 15815 a prime number?
False
Is 212897 a prime number?
True
Is 78229 composite?
False
Is 86971 a prime number?
False
Is 3353 prime?
False
Is 22915 a composite number?
True
Is 1301779 a prime number?
True
Is 7528007 composite?
False
Is 260201 composite?
False
Is 8263 a prime number?
True
Is 33409 a prime number?
True
Is 4421 a prime number?
True
Is 45161 a prime number?
True
Is 58637 composite?
True
Is 52166 a composite number?
True
Is 27541 composite?
False
Is 29687 a composite number?
True
Is 213449 composite?
False
Is 211 prime?
True
Is 158863 prime?
True
Is 977663 a prime number?
False
Is 6731 a composite number?
True
Is 10231 prime?
False
Is 3791 composite?
True
Is 91981 a composite number?
True
Is 558886 a prime number?
False
Is 1240703 a prime number?
True
Is 133 composite?
True
Is 41219 prime?
False
Is 78963 a composite number?
True
Is 4535 prime?
False
Is 31259 a prime number?
True
Is 230891 prime?
True
Is 8147 a composite number?
False
Is 420587 composite?
True
Is 32629 a composite number?
True
Is 35806 prime?
False
Is 11459 a composite number?
True
Is 2919097 a composite number?
False
Is 1314641 a prime number?
False
Is 1681 a prime number?
False
Is 12941 prime?
True
Is 3037 composite?
False
Is 179083 a prime number?
True
Is 7187 a composite number?
False
Is 5893 composite?
True
Is 455309 a composite number?
False
Is 102953 a composite number?
False
Is 7789 a prime number?
True
Is 5347 composite?
False
Is 14983 a composite number?
False
Is 485053 a composite number?
False
Is 5623 prime?
True
Is 55193 prime?
False
Is 149519 a prime number?
True
Is 155247 a prime number?
False
Is 457253 prime?
True
Is 845717 a prime number?
True
Is 288955 prime?
False
Is 5263 prime?
False
Is 199 a composite number?
False
Is 15859 a composite number?
False
Is 28685 a composite number?
True
Is 19441 composite?
False
Is 718001 a composite number?
True
Is 10211 a prime number?
True
Is 201281 a prime number?
True
Is 177623 a composite number?
False
Is 54409 composite?
False
Is 10951 a composite number?
True
Is 18859 prime?
True
Is 8657 a prime number?
False
Is 73565 composite?
True
Is 574477 composite?
False
Is 7861 a composite number?
True
Is 108865 prime?
False
Is 127 composite?
False
Is 3037 composite?
False
Is 87799 prime?
False
Is 769 composite?
False
Is 660017 composite?
True
Is 37847 a prime number?
True
Is 14977 prime?
False
Is 1689247 a prime number?
False
Is 41059 composite?
True
Is 115057 composite?
False
Is 10559 a composite number?
False
Is 20627 composite?
False
Is 1130369 a prime number?
True
Is 7493 composite?
True
Is 140977 a composite number?
False
Is 263173 composite?
True
Is 241994 a prime number?
False
Is 30337 a prime number?
False
Is 56174 prime?
False
Is 43607 prime?
True
Is 164473 a prime number?
False
Is 8791 a composite number?
True
Is 7061 a prime number?
False
Is 1450819 prime?
True
Is 93787 composite?
False
Is 28051 prime?
True
Is 284771 prime?
False
Is 770833 a composite number?
True
Is 3821 composite?
False
Is 579 composite?
True
Is 161611 a prime number?
True
Is 698171 composite?
False
Is 1430119 a prime number?
True
Is 699905 prime?
False
Is 121181 composite?
False
Is 13901 a prime number?
True
Is 12451 a prime number?
True
Is 350633 composite?
True
Is 1439 prime?
True
Is 60859 composite?
False
Is 23893 a prime number?
True
Is 50417 a composite number?
False
Is 10297 composite?
True
Is 58427 a composite number?
False
Is 356023 a prime number?
True
Is 35339 a composite number?
False
Is 658249 a composite number?
True
Is 233437 a composite number?
False
Is 2202583 a composite number?
False
Is 18431 a prime number?
False
Is 334063 composite?
True
Is 810817 composite?
True
Is 248813 composite?
False
Is 23473 a prime number?
True
Is 6689 prime?
True
Is 1949 prime?
True
Is 5791 a prime number?
True
Is 45169 a prime number?
False
Is 1870615 a composite number?
True
Is 1482443 prime?
True
Is 106441 composite?
False
Is 49978 prime?
False
Is 8023 a composite number?
True
Is 54401 prime?
True
Is 914765 a composite number?
True
Is 6840619 prime?
True
Is 831301 a prime number?
True
Is 1498405 a prime number?
False
Is 669791 composite?
False
Is 371 composite?
True
Is 213209 a prime number?
True
Is 5737 a prime number?
True
Is 251 prime?
True
Is 10079 prime?
True
Is 1101973 composite?
True
Is 11027 a composite number?
False
Is 216563 a composite number?
True
Is 1164839 a prime number?
False
Is 32902 a composite number?
True
Is 42629 composite?
True
Is 3086 a prime number?
False
Is 77941 prime?
False
Is 2098 a composite number?
True
Is 112813 a composite number?
True
Is 185 prime?
False
Is 42031 a composite number?
True
Is 15149 a prime number?
True
Is 90599 composite?
False
Is 705491 prime?
True
Is 33833 prime?
False
Is 377537 a prime number?
True
Is 64747 composite?
False
Is 1603 composite?
True
Is 1137089 a prime number?
False
Is 4889 a prime number?
True
Is 142985 a composite number?
True
Is 1481 prime?
True
Is 64819 a prime number?
False
Is 22299 prime?
False
Is 21005 a composite number?
True
Is 423139 prime?
False
Is 9007 a composite number?
False
Is 6739 composite?
True
Is 446897 a prime number?
False
Is 21 prime?
False
Is 2411 prime?
True
Is 20153 a composite number?
True
Is 985013 a composite number?
False
Is 639346 composite?
True
Is 69191 prime?
True
Is 1082243 prime?
True
Is 15511 prime?
True
Is 37229 composite?
True
Is 391271 a prime number?
False
Is 885097 composite?
False
Is 104921 a prime number?
False
Is 293569 a composite number?
True
Is 15091 prime?
True
Is 38823 prime?
Fal